x).
0
Let g be (1 - 3) + (-154 - -161). Let x(r) = -2*r**3 + 10*r**2 + 3*r - 8. Determine x(g).
7
Let l = 32370 - 32368. Let p(i) = i**3 + 4*i - 7. Determine p(l).
9
Let y(m) = -m**2 + 20*m + 12. Suppose 65*s + 20*s - 1085 - 785 = 0. Give y(s).
-32
Let j(v) = 2 - 2383*v + 1099*v + v**3 + 5*v**2 + 1289*v. Let z(k) = k - 1. Let q be z(-4). Determine j(q).
-23
Let n(m) be the first derivative of -m**3/3 + 5*m**2 + 7969. Let a(f) = f**3 + 9*f**2 + 8*f + 10. Let z be a(-8). What is n(z)?
0
Let z(f) = 2*f**2 + 13*f. Let m(q) = -26*q**2 - 13*q + 1. Let b(k) = -m(k) - z(k). Calculate b(-1).
23
Let y(t) = -t**2 - 2*t - 2. Let j = 362 + -53. Let b = j + -311. Determine y(b).
-2
Let m(j) = j**2 + 11*j**3 + 2*j**2 + 4*j**2 + 2*j + 5 + 12*j**3. Let y(p) = 11*p**3 + 3*p**2 + p + 2. Let z(h) = 2*m(h) - 5*y(h). Determine z(-1).
9
Let y be 6 - (4 - -2 - 31). Let s(h) = 14*h + 35*h - 1 - y*h. Determine s(1).
17
Suppose -11*h = -293 - 301. Suppose -h*l + 59 = -49. Let m(v) = -2*v**3 + 2*v**2 + v - 2. Calculate m(l).
-8
Let t(q) = 35*q + 73. Let a be t(-2). Let j(z) = z**3 - z**2 - 2. Determine j(a).
16
Let s(i) = 119*i**3 - i**2 + i + 2. Suppose -n + 1331 = 11*n + 1343. Calculate s(n).
-119
Let t(a) = -a**2 - 22*a + 42. Let q be 10/20*-23*2. Determine t(q).
19
Let n(q) = -2*q + 10. Let l(d) = 2*d**3 - 13*d**2 - 4*d + 18. Let y be l(7). Let c = -24 + y. Suppose -w + 3*g + c = 0, -34 = -5*w + 4*g + 8. Determine n(w).
-2
Let m(o) = -6*o**3 + 22*o**2 - 12*o + 6. Let p(s) = -2*s**3 + 7*s**2 - 3*s + 2. Let l(b) = 2*m(b) - 7*p(b). What is l(3)?
-2
Let x(q) be the second derivative of 0 + 1/24*q**4 - 5/2*q**3 - 1/40*q**5 + 0*q**2 + 12*q. Let s(h) be the second derivative of x(h). Determine s(-1).
4
Suppose 7*h + 33 = 84 + 47. Let n(q) = q**2 - 13*q + 14. Give n(h).
28
Let u(d) = 13*d**3 + 4*d**2 - 7*d + 28. Let w(n) = -11*n**3 - n**2 + 8*n - 30. Let v(h) = -6*u(h) - 7*w(h). Calculate v(-16).
10
Let g(w) = -15*w**2 + 25*w - 25. Let n(u) = 3*u**2 - 5*u + 5. Let z(j) = 2*g(j) + 11*n(j). What is z(2)?
7
Suppose 133*x - 125*x - 16 = 0. Suppose x*b - 124 = 33*b. Let j(y) = -1 + y**2 + 0 + 3*y - 2. Determine j(b).
1
Let c(i) = -i + 29 - 8 + 2*i. Suppose 2*z = 3*b - 6*b - 53, 4*z - 65 = 3*b. Let k be c(b). Let q(x) = 5*x + 2. Calculate q(k).
12
Suppose o + 8 = i, 3*i + 1 = -2*o - 0. Let j(q) be the third derivative of 0*q + 1/24*q**4 + 0 + 22*q**2 + 1/6*q**3. Give j(o).
-4
Let a(p) = p**3 + 2*p**2 - 5*p + 3. Let w be a(-3). Let m = 13 - w. Suppose -3*v = 11 + m. Let t(k) = k**2 + 4*k + 3. Calculate t(v).
8
Let k be (1428/(-10))/(33/(-110)). Let z = k + -483. Let t(b) = -b**3 - 6*b**2 + 8*b + 3. What is t(z)?
-4
Let h(k) = k**2 + k - 4. Suppose i - 2*w = 14, 2*i + 0*w = -w + 3. Suppose -5*f = -4*f + 5*g + 10, 3*g = i*f - 6. Give h(f).
-4
Let y be -9 + -3 - (200/40 + 0 + -11). Let g(n) = -6*n - 43. Determine g(y).
-7
Let m(y) = y**2 - 4*y + 2. Suppose 4*d + 30 = 2*h, -4*d = h + d + 20. Let t be (h/(-10))/(1/(-8)). Give m(t).
2
Let b(f) be the first derivative of -f**5/120 + 7*f**4/24 + 23*f**3/3 - f - 34. Let q(m) be the third derivative of b(m). Calculate q(7).
0
Let w(h) be the second derivative of h**3/6 + h**2 + 941*h. Calculate w(0).
2
Let k be (52 - 34)*(-2)/((-4)/(-31)). Let m = -283 - k. Let o(p) = p - 3. Determine o(m).
-7
Suppose -5*m - 20 = -5*y, 2*y + 3*m - 37 = -2*y. Let i(g) = -1 - 1 - y*g + 3. Suppose 3*v + 2*j - 132 = -117, -v + 18 = 5*j. Give i(v).
-20
Let p(v) = -v**3 - 25*v**2 + 26*v - 34. Let w be -24*(-8)/18*-3 - (342 + -348). Give p(w).
-34
Let m = 125/3864 - -3/322. Let i(k) be the third derivative of 0*k - 1/10*k**5 + 0 - m*k**4 + 7*k**2 + 0*k**3. Determine i(1).
-7
Let u(x) = -x**2 - 4*x + 5. Let h = 318 + -320. Let k be 203/(-35) + (-4)/(-40)*h. Calculate u(k).
-7
Suppose -4*b - 5 = b. Let z(s) be the third derivative of 1/12*s**6 - 1 + 0*s**3 + 0*s**4 - 78*s**2 + 0*s**5 + 0*s. Give z(b).
-10
Suppose d = 4*t, -3*t + 7*d = 12*d - 46. Let c(g) = -g**3 + 8*g**2 - g - 1. What is c(t)?
21
Suppose -6 = -2*n + 4. Let c(y) be the first derivative of y**4/4 - 4*y**3/3 - 2*y**2 - 7*y + 664. What is c(n)?
-2
Let q = 123 - 120. Let c(y) = -6*y - q*y + 4*y - 9. What is c(-7)?
26
Let m(r) be the second derivative of 2*r**3/3 - 103*r. Let z(a) = -28*a + 1. Let t(u) = 5*m(u) + z(u). Give t(1).
-7
Let q = -9392 - -9383. Let m(a) = -a**3 - 9*a**2 - 6*a - 5. What is m(q)?
49
Let c(k) = -4*k**2 + 1. Let o(n) = -n**3 - 25*n**2 + 5*n + 7. Let q(i) = 5*c(i) - o(i). Give q(-6).
-8
Let x(s) = -26*s - 1. Suppose -3*h + 2*t = -27, 3*h - 5*t - 36 = -0*t. Suppose 5 = 2*v + h. Determine x(v).
25
Let p(z) = z**3 + 6*z**2 - 7*z + 2. Let v = -133 + 129. Let q be (-3 - v)/(4/(-28)). Calculate p(q).
2
Suppose -17*y - 64 + 81 = 0. Let w(s) = -6*s**3 - 4*s - 3. Let i(j) = -12*j**2 + 12*j**2 + 7*j + 5 + 12*j**3. Let u(n) = -3*i(n) - 5*w(n). Calculate u(y).
-7
Let b(z) = -z**2 - 19*z + 107. Let f(w) = 2*w**2 + 37*w - 216. Let x(d) = 7*b(d) + 3*f(d). Give x(-26).
-3
Suppose 0 = 2*s + 8, 3*n + 54 = -3*s. Let w be (n/(-8))/((-10)/40). Let y(l) = -2*l - 10. What is y(w)?
4
Let d(a) = 4*a - 749. Let c(k) = k - 284. Let o(u) = -8*c(u) + 3*d(u). Calculate o(-4).
9
Let o(z) = -z**3 - 5*z**2 - 10*z - 5. Let y be o(-2). Let m(w) be the first derivative of 2*w**3/3 - 2*w**2 + 4*w - 25. Give m(y).
10
Let f(l) be the second derivative of -l**5/10 + 13*l**4/6 + 5*l**3 - 6*l**2 - 586*l. Calculate f(14).
16
Let c = -20129 + 20108. Let j(g) = 4*g**2 + 80*g - 91. Give j(c).
-7
Let g(w) = -44*w**2 + w. Let v(f) = -111*f - 1109. Let a be v(-10). Give g(a).
-43
Let s(d) = -3*d**2 - 13*d + 10. Let q(n) be the first derivative of n**3/3 + 2*n**2 - 3*n + 71. Let t(j) = 7*q(j) + 2*s(j). What is t(-3)?
2
Let b be 0/(-1) - (-7)/1. Let f(c) be the first derivative of -1/2*c**2 + 123 + 4*c. What is f(b)?
-3
Let a be 270/189*(1 - 0 - 3 - -9). Let n(r) = 3*r + 10. Give n(a).
40
Let j(g) = -10*g - 8*g - 3*g + 20*g + 5 - 5*g. Let i be 1/(-2) - 1/2. Let m(p) = 1. Let c(x) = i*j(x) + 6*m(x). What is c(1)?
7
Let p(z) = -11*z - 14. Let c(w) = 7*w + 7. Let l(t) = 8*t + 7. Let u(x) = 3*c(x) - 2*l(x). Let b(n) = 3*p(n) + 7*u(n). What is b(6)?
19
Let c(p) = -2*p**2 + p. Let w = -40 + 15. Let a be (-2)/2 + 1 - (1 + w). Suppose 3*m + 4*f + a = -m, 3*f + 15 = 0. Calculate c(m).
-3
Let c(f) be the third derivative of 3*f**4/4 + 89*f**3/6 - 2*f**2 - 2*f + 5. Calculate c(-4).
17
Let k(x) = 3*x**3 - x**2 - 5*x + 5. Suppose 2668 = -30*d + 26*d. Let w = d + 669. What is k(w)?
15
Let q(j) be the second derivative of -j**4/6 + j**3/3 + j**2/2 + j. Let x be ((-35)/15 + (2 - 0))*(-90)/(-10). What is q(x)?
-23
Let h(k) = -3*k + 10. Let p be h(-9). Let t = -34 + p. Let x(o) = -o**3 + 3*o**2 + 4*o - 1. Determine x(t).
11
Let g(p) = 7*p**3 - 30*p**2 + 49*p + 34. Let r(l) = 11*l**3 - 45*l**2 + 76*l + 51. Let z(b) = 8*g(b) - 5*r(b). Calculate z(14).
-11
Let o(d) = d**3 + 11*d**2 + 18*d + 80. Let s be o(-10). Let h(r) be the third derivative of -1/6*r**3 - 15*r**2 + 0*r**4 + s + 0*r - 1/4*r**5. Give h(-1).
-16
Suppose 5*b - 3 = 2. Let o(g) = -16*g**3 - 16*g**3 + 3*g**3 - 1 - 18*g**3 + 70*g**3. What is o(b)?
22
Let x = -532 - -533. Let i(y) be the second derivative of -21*y**5/20 - y**4/6 + y**3/6 + 9*y + 5. Give i(x).
-22
Let r(t) be the second derivative of -1/12*t**4 + 7/3*t**3 + 0*t**2 - 2*t + 1/40*t**5 + 0 + 1/360*t**6. Let u(k) be the second derivative of r(k). Give u(-5).
8
Let n(w) = -w - 2. Let i be (-5)/10*((-117)/3 - 1). Let v(k) = -k + 38. Let d be v(i). Suppose 2*f - d = -4. Give n(f).
-9
Let p(y) be the first derivative of 0*y + 73 - 3/2*y**2. Give p(-1).
3
Let j(t) = 6299*t + 3. Let i(p) = -14173*p - 5. Let b(y) = -4*i(y) - 9*j(y). Let v(f) = f**3 - 5*f**2 - 5*f + 5. Let s be v(6). What is b(s)?
4
Let q(b) = -7*b**2 - b**3 + 7*b + 25494 - 25507 + 0*b**3. What is q(-8)?
-5
Let h(t) = 61*t - 84. Let d be h(8). Let i(c) = -3 - 2*c - 4*c**2 + 811*c**3 - 408*c**3 - d*c**3 + 7*c. Give i(-5).
-3
Let j(h) = 98*h**2 - 13*h - 12. Let u(o) = -15*o**2 + o + 1. Let c(y) = -j(y) - 6*u(y). What is c(-1)?
-9
Let j(v) = 7*v**3 - 24*v**2 + 2*v - 4. Let n(k) = -11*k**3 + 37*k**2 - 3*k + 6. Let m(s) = 8*j(s) + 5*n(s). Give m(7).
5
Let r(y) = -7*y**2 - 2*y + 1. Let c be (-24)/(-18)*147/14. Suppose -c*a = -7*a - 7. What is r(a)?
-8
Let y(u) = 2717*u + 272